divided by k.
11
Let y = -43 + 50. Let l be (1 - 0)*-1*-1. Calculate the remainder when y is divided by 0 + 0/l - -3.
1
Let i be (-13)/(-3) - (-2)/3. Suppose -i*s + 3*s = -40. Let z = 33 - s. What is the remainder when 25 is divided by z?
12
Suppose 0 = 5*z - 0*z - 10. Suppose z*t - 31 = -0*t + 5*s, 5*t + s = 64. Suppose 4*j + 19 - 111 = 0. What is the remainder when j is divided by t?
10
Let m(a) = -8*a - 2. What is the remainder when m(-1) is divided by 3?
0
Suppose -2*p + 89 = -47. Suppose 3*h = h + p. What is the remainder when h is divided by 9?
7
Let p = -4 - -6. Suppose -p*s - 3*m = 975, -4*m + 2426 = -0*s - 5*s. What is the remainder when s/(-14) - 6/(-21) is divided by 18?
17
Let g(j) = j**3 + 7*j**2 + 7*j - 1. Let b(v) = -v**2 - 1. Let w be b(2). Calculate the remainder when g(w) is divided by 8.
6
Let r = -30 + 42. What is the remainder when (-284)/(-12) + (-4)/6 is divided by r?
11
Suppose 2*r - 10 = -0*r. Suppose -3*j + 99 = 5*d, -7*j + 3 = d - 12*j. Calculate the remainder when d is divided by r.
3
Let t(w) = 2*w**2 + 3*w + 6. Calculate the remainder when t(-10) is divided by 36.
32
Suppose 4*q = 49 - 1. Let o(t) = -t**2 - 11*t - 7. What is the remainder when o(-5) is divided by q?
11
What is the remainder when (-896)/(-80) - 2/10 is divided by 3?
2
Let l(o) be the third derivative of o**4/24 + 5*o**3/6 - 4*o**2. Calculate the remainder when 24 is divided by l(4).
6
Suppose -2*y = 5*m - 79, -2*y - 3 = -y. Suppose -27 = -3*k - 0*k. What is the remainder when m is divided by k?
8
Suppose -2*i + 38 = -6. Calculate the remainder when i is divided by 6.
4
Let h(u) = u**3 - 7*u**2 + 3. Let x be h(7). Suppose 5*i = x*i + 10. What is the remainder when i is divided by 2?
1
Let b = 33 + -23. What is the remainder when b is divided by (12/(-20))/((-1)/5)?
1
Let f(j) = j + 49. Calculate the remainder when f(0) is divided by (6/9)/((-4)/(-150)).
24
Suppose 5*s - 4*y = 67, -2*s + 5*y + 22 = y. Calculate the remainder when s is divided by 6.
3
Let u(w) = w**2 + 9*w + 12. Let q be u(-9). Let j = q + -1. Calculate the remainder when j is divided by 6.
5
Suppose 0 = -b + 4*b - 12. Suppose -3*k - 12 = -b*k. What is the remainder when 35 is divided by k?
11
Let t be -2 + (0 + 34)/2. Let o = -6 + t. Suppose v - 2*p = -5, 2*v - o = -p + 6. Calculate the remainder when v is divided by 3.
2
Let o = 197 - 150. Calculate the remainder when 181 is divided by o.
40
Let t = 9 - 11. What is the remainder when t + (-4 + 114)/2 is divided by 14?
11
Suppose -3*l + 15 = -0*l. Suppose l*x = x + 52. Let y(s) = 12*s + 36. What is the remainder when y(0) is divided by x?
10
Let u = 26 + -45. Let a = -8 - u. What is the remainder when a is divided by 7?
4
Suppose 0 = -2*t + 5*t - 21. Let s be (t - 1)*1/(-3). What is the remainder when 40 is divided by 24 - ((-3 - -8) + s)?
19
Suppose l - 2*z - 29 = z, -3*l + 79 = -5*z. What is the remainder when 66 is divided by l?
20
Let d = -3 - -5. Let y(p) = -p**3 + p**2 + 2. Let b be (-1)/(-3) + (-2)/6. What is the remainder when y(b) is divided by d?
0
What is the remainder when 99 is divided by 1/(-3) + 208/12?
14
Let k = -10 - -23. What is the remainder when 21 is divided by k?
8
Let w = 7 + -3. Suppose -w*b - 2 = -r - b, 5*b - 20 = 0. Let s(h) = -h**2 - 15*h - 9. Calculate the remainder when s(-10) is divided by r.
13
Let o(k) = -3*k**2 - 8*k - 6 + k**2 + 4*k**2 + 2*k. Calculate the remainder when o(6) is divided by 8.
6
Let p(o) = -3*o - 28. Calculate the remainder when 66 is divided by p(-17).
20
Let z = -47 - -78. Let f(o) = 3*o - 58. What is the remainder when z is divided by f(22)?
7
Let k = -8 + 5. Let m = -81 + 117. Calculate the remainder when m is divided by ((-38)/(-4))/(k/(-6)).
17
Let u = 14 - -7. Calculate the remainder when 208 is divided by u.
19
Let b = -6 + 21. Let i(g) = -6*g - 26. What is the remainder when i(-9) is divided by b?
13
Let m(o) = o**3 + 7*o**2 - o - 14. Calculate the remainder when 82 is divided by m(-6).
26
Calculate the remainder when 27 is divided by (-5 - 0)*(2 - 5).
12
Let p(z) = 2*z**2 - z - 2. Let j be p(2). Let s = 4 + j. What is the remainder when 29 is divided by s?
5
Let g(b) = 2*b**2 - 7*b + 8. Let d = -9 + 2. Let f be g(d). Suppose -8*v + 3*v = -f. Calculate the remainder when v is divided by 11.
9
Let i(u) = u**2 - 2*u - 1. Let z = 16 - 10. What is the remainder when i(z) is divided by 13?
10
Let o = 4 - 2. Let i(x) = o*x**3 - 3*x + 12 - 5*x**3 - 5 + 4*x**3 - 5*x**2. Calculate the remainder when i(6) is divided by 9.
7
Calculate the remainder when 80 is divided by 4/(-1)*(-63)/12.
17
Let u(j) = -j + 5. Let y be u(7). Let x(b) = b**2 - 2*b - 3. Calculate the remainder when 13 is divided by x(y).
3
Suppose -4*x + 6*x = 0. Suppose x = -q - 3*q + 16. Suppose -2*m + 35 = d, -q*m - 2*d = d - 71. Calculate the remainder when 32 is divided by m.
15
Let o(v) = v - 2. Let j be o(-8). Calculate the remainder when 8 is divided by ((-3)/5)/(2/j).
2
Let u be 3 - (2 - 1 - 0). Suppose -n + 30 = -u*n. Let a = -19 - n. What is the remainder when 21 is divided by a?
10
Suppose y = 4*b + 5*y - 36, -5*y + 25 = 0. Suppose 0*w - 20 = -b*w. Suppose r + w*u - 35 = 0, 25 = r + 3*u - 4. Calculate the remainder when r is divided by 11.
9
Let f = -11 + 43. What is the remainder when f is divided by 7?
4
What is the remainder when 117 is divided by (30/(-4))/((-22)/44)?
12
Let h(g) = 31*g - 25. Let s(q) = -6*q + 5. Let o(n) = -2*h(n) - 11*s(n). Let i = -11 + 21. Calculate the remainder when o(i) is divided by 18.
17
Suppose 2*g + b - 6 = -4*b, 0 = -4*g - 3*b + 12. Calculate the remainder when ((-9)/4)/(g/(-24)) is divided by 5.
3
Suppose 3*d = -25 + 82. Calculate the remainder when 35 is divided by d.
16
Suppose a - 2*a - r + 25 = 0, 0 = -2*a - 5*r + 41. Calculate the remainder when a is divided by 10.
8
Suppose 0 = 5*u - 2*a + 3 - 30, -2*u = 4*a - 30. Let z(b) = -2*b - 24. What is the remainder when z(-18) is divided by u?
5
Let o = 88 - 51. Calculate the remainder when o is divided by 8.
5
Suppose -n = -2*n + 2. Let f = -109 - -111. What is the remainder when n is divided by f?
0
Let k = 36 + -10. Let s = 44 - k. Let x = s + -4. Calculate the remainder when 27 is divided by x.
13
Calculate the remainder when 67 is divided by (-68)/12*(-4)/(8/6).
16
Let f = 108 + -66. Calculate the remainder when 81 is divided by f.
39
Let k(x) = -x**3 + 8*x**2 - 9*x + 20. What is the remainder when 7 is divided by k(7)?
1
Let h be 3/(3/((-6)/2)). Let i be (-2 - h - 1)/(-1). Suppose -3*l - 5*x + 47 = i, 0*l - 4*x + 52 = 4*l. Calculate the remainder when l is divided by 5.
4
Let u be 1/(-3) + (-1)/(-3). Suppose u*l = -l + 13. What is the remainder when 50 is divided by l?
11
Let m be 4/(-2)*(-5)/2. Suppose -m*b = -b - 16. What is the remainder when (-9)/((-2)/(-4)*-3) is divided by b?
2
Let u = -15 - -32. Let j be (-33)/(-12) + 3/(-4). Suppose -4*d + 18 = -j*d - 2*l, 3*l = -3*d + 27. What is the remainder when u is divided by d?
8
Let d be 18/4 - (-2)/4. Let m be (-5 + 25)/((-2)/(-1)). What is the remainder when (-22)/(-4) - d/m is divided by 2?
1
Let d be ((-12)/(-10))/(3/15). What is the remainder when -3 + 1 + (-30)/(-5)*6 is divided by (18/(-7))/(d/(-28))?
10
Let d = -15 - -97. What is the remainder when d is divided by 21?
19
Suppose 2*b - 7*b = l - 92, -4*l - 28 = -2*b. Let a(h) = -h**3 - 22*h**2 + 20*h. What is the remainder when a(-23) is divided by b?
15
Let p = -1 + 3. Suppose p*l - 4*r = 108, 2*l + 4*r = 79 + 53. Suppose -5*s - 5*n = -30, -n = 3*s - 8*s + l. What is the remainder when s is divided by 4?
3
Suppose -2*g = 5*n + g - 53, -3*n + 43 = -g. Calculate the remainder when ((-98)/(-4))/(1/2) is divided by n.
10
Let n = 10 - 6. Suppose -5*a - 12 = y, y + 0*y = -n*a - 7. Calculate the remainder when y is divided by -1*(-3 - 2) + 0.
3
Suppose -3 + 7 = u. Suppose 0 = 4*q + u*t - 68, 0 = -t - t + 6. What is the remainder when 53 is divided by q?
11
Let c = -15 - -21. What is the remainder when 21 is divided by c?
3
Let s be -1*3 + 0 - -1. Let q be 2/(-2) + s/(-2). Suppose -3*t + t + 50 = q. Calculate the remainder when t is divided by 9.
7
Let s = -34 + 21. What is the remainder when (-2 - 2)*s/4 is divided by 5?
3
Suppose -12 = -5*f + 2*f. Let d be 2/(-1) + f/(-4). What is the remainder when 4 is divided by 